 (base 12) to base 7
23521
Convert 20102220120 (base 3) to base 10.
126780
What is -523640 (base 9) in base 4?
-1023330210
-34c0f9 (base 16) to base 9
-6448434
What is -2722586 (base 9) in base 15?
-1e6ce3
-186372 (base 13) to base 12
-2570a3
Convert 121102210022 (base 3) to base 8.
1167702
What is -18263a (base 16) in base 8?
-6023072
Convert 313660 (base 8) to base 13.
38674
Convert 54455 (base 7) to base 9.
20605
-724153 (base 9) to base 4
-1220313012
657c3 (base 13) to base 12
8a379
What is 1011120032 (base 4) in base 13?
9c467
Convert -302300121 (base 4) to base 11.
-132218
14432459 (base 10) to base 11
8168358
What is -44132522 (base 6) in base 14?
-2647bc
What is -137c60 (base 15) in base 14?
-1a5a01
Convert -10abb87 (base 13) to base 3.
-100200001202220
113155 (base 9) to base 7
402020
Convert -1bb408b (base 13) to base 2.
-100011001110011010111010
120031010021 (base 4) to base 2
11000001101000100001001
Convert 9590 (base 11) to base 7.
51656
What is 212201201010 (base 3) in base 16?
72084
Convert -52a702 (base 16) to base 8.
-24523402
What is -205223 (base 15) in base 10?
-1536108
What is -211145524 (base 6) in base 12?
-12a52a4
What is -3322101200 (base 4) in base 5?
-230300440
What is -1101010101000101010100 (base 2) in base 8?
-15250524
Convert 2350001 (base 9) to base 15.
1a220a
-1450252 (base 6) to base 9
-137625
Convert -4a9344 (base 12) to base 10.
-1218724
What is 9242a (base 13) in base 15?
52a20
What is -8b21 (base 14) in base 15?
-7242
-221001022222 (base 3) to base 6
-14322342
What is 19cb71 (base 13) in base 4?
2200110101
Convert -347215 (base 8) to base 6.
-2312113
10215354 (base 8) to base 13
5ac69a
7673 (base 8) to base 7
14512
fb61 (base 16) to base 9
107243
3110000 (base 6) to base 5
14232130
What is -10220120110 (base 3) in base 10?
-76962
Convert -1120211111121 (base 3) to base 2.
-11001101110101010011
Convert -3789076 (base 10) to base 3.
-21010111122011
Convert -401313 (base 7) to base 13.
-24a9b
Convert -123220110 (base 4) to base 6.
-2231540
What is -15edd9 (base 16) in base 12?
-593821
8068752 (base 10) to base 13
1896813
Convert 101110110001011110011 (base 2) to base 16.
1762f3
-1468772 (base 9) to base 5
-202012332
2113032100 (base 4) to base 12
25a554
Convert 65d064 (base 15) to base 12.
1760794
ee3fef (base 16) to base 8
73437757
What is a37129 (base 14) in base 10?
5512929
Convert -690b (base 12) to base 3.
-121000102
Convert -20112110121102 (base 3) to base 16.
-34fff7
What is -155e0 (base 16) in base 5?
-10300040
Convert -123110303101 (base 4) to base 16.
-6d4cd1
Convert 1213032323 (base 5) to base 16.
2baa14
What is -12111210112 (base 4) in base 7?
-20056111
What is -1260804 (base 10) in base 3?
-2101001111110
What is 5206b (base 12) in base 4?
122023103
Convert 1a0a1 (base 12) to base 3.
1221022111
3638621 (base 9) to base 4
13202011231
What is 7b97 (base 14) in base 15?
6582
Convert -1148432 (base 9) to base 14.
-123023
Convert 121444034 (base 5) to base 2.
10001101000111100011
What is -1413336 (base 7) in base 11?
-119677
-190c1 (base 13) to base 8
-136553
Convert 312b63 (base 14) to base 8.
6251343
What is a682a (base 11) in base 16?
25f04
944529 (base 13) to base 6
202140113
What is 20208143 (base 9) in base 15?
cb6193
Convert 242315034 (base 6) to base 15.
60c594
-306a1 (base 14) to base 16
-1c755
What is -33342345 (base 7) in base 3?
-12102112202010
3e4cb (base 15) to base 11
127475
What is 718845 (base 9) in base 11?
27141a
Convert -134065260 (base 7) to base 16.
-85176f
-10320021302 (base 4) to base 9
-2357782
Convert -255052143 (base 6) to base 14.
-941bd5
What is -759020 (base 11) in base 12?
-4a586b
140234404 (base 5) to base 15
e0dbe
-1314102 (base 6) to base 8
-214766
What is 11629308 (base 10) in base 9?
23784363
What is -82068a (base 11) in base 13?
-3721b2
What is 120306061 (base 7) in base 12?
25bb821
Convert -20a543 (base 12) to base 5.
-113000330
What is -2a409 (base 11) in base 12?
-20b25
943736 (base 13) to base 7
41304152
Convert a667 (base 16) to base 2.
1010011001100111
What is 26162536 (base 7) in base 6?
123042211
-9948e (base 16) to base 2
-10011001010010001110
-3220120041 (base 5) to base 6
-401435211
Convert 17760116 (base 9) to base 10.
8955861
12232120323 (base 4) to base 5
422403000
What is 110011100001010001111 (base 2) in base 9?
3152705
What is -4022466 (base 8) in base 2?
-100000010010100110110
What is 14356315 (base 8) in base 3?
20011000120020
What is 102010002101 (base 3) in base 10?
218764
Convert -382328 (base 9) to base 2.
-111000011111000010
6356207 (base 8) to base 7
20256161
Convert -22103203 (base 4) to base 2.
-1010010011100011
263a7a (base 12) to base 6
21251034
-c92361 (base 14) to base 6
-401512145
What is -43711 (base 14) in base 16?
-27dd3
-122212111210101 (base 3) to base 16
-90eaac
3201100 (base 6) to base 16
2607c
Convert -1704a3 (base 11) to base 8.
-1003707
Convert 21450103 (base 6) to base 10.
644151
1144353 (base 7) to base 3
21101202020
What is 63971 (base 13) in base 16?
2bd72
-1020333 (base 7) to base 4
-131323332
10527011 (base 8) to base 5
1040212102
What is -11221112010101 (base 3) in base 14?
-4c5ac0
What is -1238b8 (base 16) in base 11?
-746218
What is -4522122 (base 6) in base 7?
-1641260
What is 715446 (base 11) in base 6?
40344151
-16270028 (base 9) to base 6
-450213042
Convert 10110001111000101101101 (base 2) to base 16.
58f16d
What is -b505 (base 15) in base 8?
-112557
What is -200032130 (base 4) in base 16?
-2039c
a231 (base 14) to base 11
19a41
Convert 1010161 (base 11) to base 16.
1b4216
Convert 62012264 (base 7) to base 10.
5179787
What is -121142030 (base 6) in base 11?
-1330764
122130212 (base 4) to base 12
52832
Convert 10100111010110101 (base 2) to base 10.
85685
Convert -3113a1 (base 11) to base 4.
-1321332033
4448b (base 14) to base 16
286ab
What is 130554223 (base 6) in base 13?
6baab3
What is -41332 (base 10) in base 14?
-110c4
What is -11110011110011111110101 (base 2) in base 7?
-124623144
Convert -45214203 (base 6) to base 10.
-1370811
Convert 34332 (base 10) to base 4.
20120130
1101000011011010 (base 2) to base 9
81306
-35490a (base 14) to base 10
-1818302
49217e (base 16) to base 13
cba625
1403504 (base 6) to base 7
445063
What is -13113100321 (base 4) in base 3?
-10122001212111
1222112220 (base 3) to base 11
27370
Convert 3b9251 (base 14) to base 2.
111110111001110010111
What is 10607624 (base 9) in base 2?
10011100111100101011010
-2c2a37 (base 15) to base 2
-1000001001010100000110
Convert 620ba59 (base 12) to base 8.
106244045
Convert -4a557 (base 13) to base 12.
-67437
Convert 14875841 (base 9) to base 15.
9bbd57
Convert -769258 (base 10) to base 15.
-102ddd
Convert -144615 (base 9) to base 6.
-1522405
Convert -111010000000000000 (base 2) to base 13.
-84196
What is 12313243 (base 6) in base 3?
202020210200
What is -630660 (base 7) in base 6?
-2153433
What is -2302100002 (base 4) in base 8?
-2622002
What is -3998e2 (base 15) in base 14?
-5200d3
-59cd (base 15) to base 16
-4a95
What is 10100101010011111100111 (base 2) in base 13?
11787b4
What is 35761235 (base 8) in base 9?
15704444
Convert 666026 (base 10) to base 15.
d251b
-7686860 (base 9) to base 2
-1111110000110001101001
What is -344428 (base 11) in base 15?
-ac38a
-2312864 (base 10) to base 16
-234aa0
Convert 54502 (base 12) to base 8.
331322
Convert 11110001002220 (base 3) to base 13.
6495b4
16289a7 (base 12) to base 2
10001010011010110001111
-486e07 (base 16) to base 15
-63b6a9
Convert 1006352 (base 7) to base 8.
352123
What is 93423 (base 11) in base 8?
412117
Convert -15406ba (base 13) to base 8.
-31736535
What is -210211210212 (base 3) in base 2?
-1101000111110010011
Convert -10001211110101 (base 3) to base 4.
-12032002222
What is -1353277 (base 8) in base 9?
-642812
2601895 (base 10) to base 13
7013aa
-dc727 (base 15) to base 11
-43910a
What is -a233bf (base 16) in base 9?
-22001648
What is -1002202110220 (base 3) in base 6?
-20315423
3015535 (base 8) to base 12
3231b9
What is 2111101202110 (base 3) in base 2?
101000011111000001011
What is 2221021222 (base 3) in base 4?
32013032
-256772 (base 8) to base 7
-522131
Convert -32010023 (base 6) to base 16.
-e421f
Convert -20545002 (base 6) to base 15.
-be3e8
What is 250404424 (base 6) in base 12?
17307